{"id":4419,"date":"2025-08-17T15:38:14","date_gmt":"2025-08-17T15:38:14","guid":{"rendered":"http:\/\/lionelmaltese.fr\/?page_id=4419"},"modified":"2026-01-30T10:43:50","modified_gmt":"2026-01-30T10:43:50","slug":"sae-transformation-numerique","status":"publish","type":"page","link":"https:\/\/lionelmaltese.fr\/?page_id=4419","title":{"rendered":"Sa\u00e9 Transformation Num\u00e9rique"},"content":{"rendered":"\n<blockquote class=\"wp-block-quote is-layout-flow wp-block-quote-is-layout-flow\">\n<p><strong>Pr\u00e9sentation<\/strong> <a href=\"https:\/\/youtu.be\/vjf6B5cfMSk\"><strong>Podcast Sa\u00e9<\/strong><\/a> et <strong><a href=\"https:\/\/lionelmaltese.fr\/wp-content\/uploads\/2025\/08\/Sae-5-trans-num.pdf\">PPT<\/a><\/strong><\/p>\n<\/blockquote>\n\n\n\n<p>&#8211;&gt; <a href=\"https:\/\/www.youtube.com\/watch?v=e_XyQ2wdMr8&amp;t=124s\">Comprendre les bouleversements li\u00e9s \u00e0 la transformation digitale dans l&rsquo;entreprise [Philippe Gattet]<\/a><\/p>\n\n\n\n<p>&#8211;&gt; <a href=\"https:\/\/www.youtube.com\/watch?v=9-9n8np3q6Y\">Quand l\u2019IA acc\u00e9l\u00e8re, les organisations t\u00e2tonnent [Cathy Alegria]<\/a><\/p>\n\n\n\n<p>&#8211;&gt; <a href=\"https:\/\/www.youtube.com\/watch?v=qVda7pC3XVY\">Comment r\u00e9ussir une transformation num\u00e9rique ?<\/a><\/p>\n\n\n\n<p><strong>Evaluations Individuelles : <a href=\"https:\/\/lionelmaltese.fr\/wp-content\/uploads\/2026\/01\/GC2FFInotes_SAE5.01-EXAM_INDIVID_grtous.pdf\">GC2F FI <\/a>&#8211; <a href=\"https:\/\/lionelmaltese.fr\/wp-content\/uploads\/2026\/01\/GEMAFInotes_SAE5.01-EXAM_INDIVID_grtous1.pdf\">GEMA FI<\/a> &#8211;<a href=\"https:\/\/lionelmaltese.fr\/wp-content\/uploads\/2026\/01\/GPRH-notes_SAE5.01-EVALUATION_I_grtous.pdf\">GPRH FA<\/a> &#8211; <a href=\"https:\/\/lionelmaltese.fr\/wp-content\/uploads\/2026\/01\/GC22FAnotes_SAE5.01-EVALUATION_D_grtous-1.pdf\">GC2F FA<\/a> &#8211; <a href=\"https:\/\/lionelmaltese.fr\/wp-content\/uploads\/2026\/01\/GEMAFAnotes_SAE5.01-EVALUATION_I_grtous1.pdf\">GEMA FA <\/a><\/strong><\/p>\n\n\n\n<div class=\"wp-block-buttons is-layout-flex wp-block-buttons-is-layout-flex\"><\/div>\n\n\n\n<p><strong><em>INTERVENANTS<\/em><\/strong><\/p>\n\n\n\n<div class=\"wp-block-buttons is-layout-flex wp-block-buttons-is-layout-flex\">\n<div class=\"wp-block-button\"><a class=\"wp-block-button__link wp-element-button\" href=\"https:\/\/pro.free.fr\/\">FREE PRO :<\/a><\/div>\n<\/div>\n\n\n\n<p><\/p>\n\n\n\n<ul class=\"wp-block-list\">\n<li><a href=\"https:\/\/www.linkedin.com\/in\/remycadeau\/\">R\u00e9my Cadeau<\/a> Directeur des Activit\u00e9s Grandes Entreprises<\/li>\n\n\n\n<li><a href=\"https:\/\/www.linkedin.com\/in\/pascal-marsolan-21b72413\/\">Pascal Marsolan<\/a> : Directeur des Comptes Strat\u00e9giques  <\/li>\n\n\n\n<li><a href=\"https:\/\/www.linkedin.com\/in\/pierrick-asta\/\">Pierrick Asta<\/a> : Responsable P\u00f4le IA<\/li>\n\n\n\n<li><a href=\"https:\/\/www.linkedin.com\/in\/matthiasaznar\/\">Mathias Aznar<\/a> : Chef de produit Marketing (Ancien \u00e9tudiant LP Charg\u00e9 de projet Digital &#8211; GEA)<\/li>\n\n\n\n<li><a href=\"https:\/\/www.linkedin.com\/in\/geraldineml\/\">G\u00e9raldine Montagnon<\/a> : Responsable RSE<\/li>\n\n\n\n<li><a href=\"https:\/\/www.linkedin.com\/in\/m%C3%A9lanie-brando-5532b4112\/\">M\u00e9lanie Brando<\/a> : Chef de produit Marketing<\/li>\n\n\n\n<li><a href=\"https:\/\/www.linkedin.com\/in\/marie-no%C3%ABlle-aiello-boudet-b4677138\/\">Marie-No\u00eblle Aillo-Boudet<\/a> : Chef de projets \u00e9v\u00e8nementiels<\/li>\n<\/ul>\n\n\n\n<blockquote class=\"wp-block-quote is-layout-flow wp-block-quote-is-layout-flow\">\n<p><strong>Programme Conf\u00e9rence FREE PRO vendredi 12 septembre 2025 apr\u00e8s midi :<\/strong><\/p>\n<\/blockquote>\n\n\n\n<ul class=\"wp-block-list\">\n<li>Free Pro : De la Start\u2019up des ann\u00e9es 2000 \u00e0 la filiale BtoB du 5\u00e8me op\u00e9rateur europ\u00e9en par <a href=\"https:\/\/www.linkedin.com\/in\/remycadeau\/\">R\u00e9my Cadeau<\/a> <\/li>\n<\/ul>\n\n\n\n<p><em>Les gammes de produits chez Free Pro : A chaque client, sa gamme de produit :<\/em><\/p>\n\n\n\n<ul class=\"wp-block-list\">\n<li>De l\u2019offre sur mesure : Solutions XPR par <a href=\"https:\/\/www.linkedin.com\/in\/pascal-marsolan-21b72413\/\">Pascal Marsolan<\/a> <br>Aux innovations de pointe d\u00e9mocratis\u00e9es : Offres Pro par <a href=\"https:\/\/www.linkedin.com\/in\/matthiasaznar\/\">Mathias Aznar<\/a> (standardisation et simplification) <br>La Cybers\u00e9curit\u00e9, clef de la s\u00e9r\u00e9nit\u00e9 par <a href=\"https:\/\/www.linkedin.com\/in\/m%C3%A9lanie-brando-5532b4112\/\">M\u00e9lanie Brando<\/a> <\/li>\n\n\n\n<li>L\u2019intelligence artificielle aujourd\u2019hui : un outil pour la transformation num\u00e9rique par <a href=\"https:\/\/www.linkedin.com\/in\/pierrick-asta\/\">Pierrick Asta<\/a><\/li>\n\n\n\n<li>Pas de transformation num\u00e9rique sans \u00e9thique : La RSE de l\u2019entreprise, chez Free Pro et au-del\u00e0 de l\u2019entreprise par <a href=\"https:\/\/www.linkedin.com\/in\/geraldineml\/\">G\u00e9raldine Montagnon<\/a><\/li>\n\n\n\n<li>Questions \/ R\u00e9ponses<\/li>\n<\/ul>\n\n\n\n<p><strong><em>Liens Vid\u00e9os Xavier Niel : <\/em><\/strong><\/p>\n\n\n\n<ul class=\"wp-block-list\">\n<li>&#8211;&gt; <a href=\"https:\/\/www.youtube.com\/watch?v=8SFyskuqZLA\">Xavier Niel \u2013 Fondateur du groupe Iliad\/Free | Les Grands Entretiens de Guy Lagache #1<\/a><\/li>\n\n\n\n<li>&#8211;&gt; <a href=\"https:\/\/www.youtube.com\/watch?v=Os5dG_Pb610\">Xavier NIEL, Fondateur de Groupe iliad-Free sur le Bang \u00e0 BIG 2024<\/a><\/li>\n\n\n\n<li>&#8211;&gt; <a href=\"https:\/\/www.youtube.com\/watch?v=MEyOcvWURGc\">Xavier Niel : les sujets autour de l&rsquo;IA \u00ab\u00a0sont tellement importants qu&rsquo;ils doivent \u00eatre ouverts\u00a0\u00bb<\/a><\/li>\n<\/ul>\n\n\n\n<div class=\"wp-block-buttons is-layout-flex wp-block-buttons-is-layout-flex\">\n<div class=\"wp-block-button\"><a class=\"wp-block-button__link wp-element-button\">Fresque du Num\u00e9rique <\/a><\/div>\n<\/div>\n\n\n\n<p><\/p>\n\n\n\n<p><a href=\"https:\/\/www.linkedin.com\/in\/nathalie-thouveny-019014187\/\">Nathalie Thouveny<\/a> &#8211; <a href=\"https:\/\/www.linkedin.com\/in\/estelle-caolova-5342bb15b\/\">Estelle Caolova<\/a> &#8211; <em>Cathie Tomao<\/em> &#8211; <a href=\"https:\/\/www.linkedin.com\/in\/cyril-pain-barre-6419a5161\/\">Cyril Pain-Barre<\/a> &#8211; <a href=\"https:\/\/www.linkedin.com\/in\/lionelparis\/\">Lionel Paris<\/a><\/p>\n\n\n\n<div class=\"wp-block-buttons is-layout-flex wp-block-buttons-is-layout-flex\">\n<div class=\"wp-block-button\"><a class=\"wp-block-button__link wp-element-button\" href=\"https:\/\/go.sellsy.com\/?var=&amp;utm_source=Google&amp;utm_medium=Cpc&amp;utm_campaign=Brand&amp;keyword=sellsy&amp;gad_source=1&amp;gad_campaignid=11476624966&amp;gbraid=0AAAAADAC0A_uxwAklgKL8ojgYPjwfbGhP&amp;gclid=Cj0KCQjw-4XFBhCBARIsAAdNOkszGIGr5yFdkode0QVok92ecpaw1PLwK49lvHDybS-JIaowf9YovK0aAqODEALw_wcB\">CRM \/ Sellsy  <\/a><\/div>\n<\/div>\n\n\n\n<p><\/p>\n\n\n\n<p><a href=\"https:\/\/www.linkedin.com\/in\/crm-formation-vente\/\">Gregoire Pineau<\/a> &#8211; <a href=\"https:\/\/www.linkedin.com\/in\/catherine-depetrimonghal\/\">Catherine Monghal<\/a><\/p>\n\n\n\n<p><a href=\"https:\/\/www.youtube.com\/watch?v=bZhOHBxMlHA\">Logiciel CRM : d\u00e9couvrez Sellsy Vente<\/a><\/p>\n\n\n\n<pre class=\"wp-block-preformatted\"><strong><em>Etudes de Cas Transformation Num\u00e9rique <\/em><\/strong><\/pre>\n\n\n\n<p><\/p>\n\n\n\n<p><a href=\"https:\/\/www.linkedin.com\/in\/marine-richard-23529215b\/\">Marine Richard<\/a> &#8211; <a href=\"https:\/\/www.linkedin.com\/in\/jean-philippe-atlan-225a245\/\">Jean-Philippe Atlan<\/a><\/p>\n\n\n\n<p><\/p>\n\n\n\n<p><\/p>\n","protected":false},"excerpt":{"rendered":"<p>Pr\u00e9sentation Podcast Sa\u00e9 et PPT &#8211;&gt; Comprendre les bouleversements li\u00e9s \u00e0 la transformation digitale dans l&rsquo;entreprise [Philippe Gattet] &#8211;&gt; Quand l\u2019IA acc\u00e9l\u00e8re, les organisations t\u00e2tonnent [Cathy Alegria] &#8211;&gt; Comment r\u00e9ussir une transformation num\u00e9rique ? Evaluations Individuelles : GC2F FI &#8211;&#8230; <a class=\"more-link\" href=\"https:\/\/lionelmaltese.fr\/?page_id=4419\">Continue Reading &rarr;<\/a><\/p>\n","protected":false},"author":1,"featured_media":0,"parent":58,"menu_order":0,"comment_status":"closed","ping_status":"closed","template":"","meta":{"footnotes":""},"class_list":["post-4419","page","type-page","status-publish","hentry"],"_links":{"self":[{"href":"https:\/\/lionelmaltese.fr\/index.php?rest_route=\/wp\/v2\/pages\/4419","targetHints":{"allow":["GET"]}}],"collection":[{"href":"https:\/\/lionelmaltese.fr\/index.php?rest_route=\/wp\/v2\/pages"}],"about":[{"href":"https:\/\/lionelmaltese.fr\/index.php?rest_route=\/wp\/v2\/types\/page"}],"author":[{"embeddable":true,"href":"https:\/\/lionelmaltese.fr\/index.php?rest_route=\/wp\/v2\/users\/1"}],"replies":[{"embeddable":true,"href":"https:\/\/lionelmaltese.fr\/index.php?rest_route=%2Fwp%2Fv2%2Fcomments&post=4419"}],"version-history":[{"count":23,"href":"https:\/\/lionelmaltese.fr\/index.php?rest_route=\/wp\/v2\/pages\/4419\/revisions"}],"predecessor-version":[{"id":4899,"href":"https:\/\/lionelmaltese.fr\/index.php?rest_route=\/wp\/v2\/pages\/4419\/revisions\/4899"}],"up":[{"embeddable":true,"href":"https:\/\/lionelmaltese.fr\/index.php?rest_route=\/wp\/v2\/pages\/58"}],"wp:attachment":[{"href":"https:\/\/lionelmaltese.fr\/index.php?rest_route=%2Fwp%2Fv2%2Fmedia&parent=4419"}],"curies":[{"name":"wp","href":"https:\/\/api.w.org\/{rel}","templated":true}]}}